{"id":8,"date":"2026-03-30T22:33:37","date_gmt":"2026-03-30T22:33:37","guid":{"rendered":"https:\/\/agroproje.com\/index.php\/home\/"},"modified":"2026-04-03T16:21:22","modified_gmt":"2026-04-03T19:21:22","slug":"ana-sayfa","status":"publish","type":"page","link":"https:\/\/agroproje.com\/","title":{"rendered":"Hizmet Listesi"},"content":{"rendered":"\n<p><br>Tar\u0131msal Yap\u0131 \u0130zinlendirme \u0130\u015flemleri, <\/p>\n\n\n\n<p>Mera Islah\u0131 ve Amenajman\u0131 Projeleri, <\/p>\n\n\n\n<p>Yat\u0131r\u0131m Te\u015fvik Belgesi \u0130\u015flemleri, <\/p>\n\n\n\n<p>Proje Teknik Raporu Haz\u0131rlanmas\u0131, <\/p>\n\n\n\n<p>Tar\u0131m Avan Proje Haz\u0131rlanmas\u0131, <\/p>\n\n\n\n<p>Fizibilite Et\u00fcd\u00fc Haz\u0131rlanmas\u0131,<\/p>\n\n\n\n<p>Ba\u011f Evi \u0130zinlendirme \u0130\u015flemleri<\/p>\n\n\n\n<p><\/p>\n\n\n\n<h1 class=\"wp-block-heading\">Hizmet Listesi<\/h1>\n\n\n\n<p><\/p>\n","protected":false},"excerpt":{"rendered":"<p>Tar\u0131msal Yap\u0131 \u0130zinlendirme \u0130\u015flemleri, Mera Islah\u0131 ve Amenajman\u0131 Projeleri, Yat\u0131r\u0131m Te\u015fvik Belgesi \u0130\u015flemleri, Proje Teknik Raporu Haz\u0131rlanmas\u0131, Tar\u0131m Avan Proje Haz\u0131rlanmas\u0131, Fizibilite Et\u00fcd\u00fc Haz\u0131rlanmas\u0131, Ba\u011f Evi \u0130zinlendirme \u0130\u015flemleri Hizmet Listesi<\/p>\n","protected":false},"author":1,"featured_media":0,"parent":0,"menu_order":0,"comment_status":"closed","ping_status":"closed","template":"templates\/template-homepage.php","meta":{"om_disable_all_campaigns":false,"_monsterinsights_skip_tracking":false,"_monsterinsights_sitenote_active":false,"_monsterinsights_sitenote_note":"","_monsterinsights_sitenote_category":0,"_uf_show_specific_survey":0,"_uf_disable_surveys":false,"footnotes":""},"class_list":["post-8","page","type-page","status-publish","hentry"],"aioseo_notices":[],"_links":{"self":[{"href":"https:\/\/agroproje.com\/index.php\/wp-json\/wp\/v2\/pages\/8","targetHints":{"allow":["GET"]}}],"collection":[{"href":"https:\/\/agroproje.com\/index.php\/wp-json\/wp\/v2\/pages"}],"about":[{"href":"https:\/\/agroproje.com\/index.php\/wp-json\/wp\/v2\/types\/page"}],"author":[{"embeddable":true,"href":"https:\/\/agroproje.com\/index.php\/wp-json\/wp\/v2\/users\/1"}],"replies":[{"embeddable":true,"href":"https:\/\/agroproje.com\/index.php\/wp-json\/wp\/v2\/comments?post=8"}],"version-history":[{"count":4,"href":"https:\/\/agroproje.com\/index.php\/wp-json\/wp\/v2\/pages\/8\/revisions"}],"predecessor-version":[{"id":105,"href":"https:\/\/agroproje.com\/index.php\/wp-json\/wp\/v2\/pages\/8\/revisions\/105"}],"wp:attachment":[{"href":"https:\/\/agroproje.com\/index.php\/wp-json\/wp\/v2\/media?parent=8"}],"curies":[{"name":"wp","href":"https:\/\/api.w.org\/{rel}","templated":true}]}}